{"id":21,"date":"2020-07-21T15:51:36","date_gmt":"2020-07-21T15:51:36","guid":{"rendered":"http:\/\/clubbasquetvic.cat\/?page_id=21"},"modified":"2020-08-18T20:40:46","modified_gmt":"2020-08-18T20:40:46","slug":"acerca-de","status":"publish","type":"page","link":"https:\/\/clubbasquetvic.cat\/index.php\/acerca-de\/","title":{"rendered":"Av\u00eds legal"},"content":{"rendered":"\n<h1 class=\"wp-block-heading\">Av\u00eds legal<\/h1>\n\n\n\n<p><strong>Condicions d\u2019acc\u00e9s i utilitzaci\u00f3 de la p\u00e0gina web.<\/strong><\/p>\n\n\n\n<p>www.clubbasquetvic.cat \u00e9s un domini d\u2019Internet titularitat del Club B\u00e0squet Vic, amb CIF G58342668, i amb domicili a Vic, Pla\u00e7a del Pare Millan, s\/n,  08500 Vic (Barcelona).<\/p>\n\n\n\n<p>Mitjan\u00e7ant el present avis legal, s\u2019informa als usuaris de les condicions generals aplicables a la utilitzaci\u00f3 o consulta dels serveis que es faciliten a trav\u00e9s d\u00b4aquesta Web. La utilitzaci\u00f3 o consulta dels serveis indicats suposa per part dels visitants o usuaris la plena acceptaci\u00f3 i sense reserves de les condicions que s\u2019exposen al present av\u00eds legal. El visitant es compromet a utilitzar aquesta Web i els serveis que s\u2019hi ofereixen, de conformitat a la llei, a les presents condicions generals, a la moral i bones costums generalment acceptades i a l\u2019ordre p\u00fablic.<\/p>\n\n\n\n<p>El Club B\u00e0squet Vic es reserva la facultat, en tot moment i sense necessitat de previ av\u00eds, d\u2019efectuar modificacions al present av\u00eds legal, a la informaci\u00f3 continguda a la seva web o en la configuraci\u00f3 d\u2019aquesta. Aix\u00ed mateix, es reserva el dret a suspendre temporalment, i sense previ av\u00eds, l\u2019accessibilitat a la p\u00e0gina web amb motiu d\u2019operacions de manteniment o de millora de les mateixes.<\/p>\n\n\n\n<p><strong>Continguts<\/strong><\/p>\n\n\n\n<p>Tots els continguts que es publiquen a trav\u00e9s d\u2019aquesta Web, incloent els texts, dades personals, informaci\u00f3, imatges, disseny, logotips i qualsevol altre material s\u00f3n de titularitat del Club B\u00e0squet Vic, o de tercers que hagin autoritzat l\u2019\u00fas d\u2019aquests al Club B\u00e0squet Vic.<\/p>\n\n\n\n<p>Tots els drets estan reservats. Sota cap concepte, l\u2019acc\u00e9s a la p\u00e0gina web implica la ren\u00fancia o cessi\u00f3 de tals drets, ni confereix cap dret d\u2019utilitzaci\u00f3, modificaci\u00f3, distribuci\u00f3, reproducci\u00f3 o explotaci\u00f3, sense que es disposi pr\u00e8viament del consentiment escrit i expr\u00e9s per part del titular del dret. La vulneraci\u00f3 d\u2019aquesta normativa, ja sigui de forma directa o indirecta i a trav\u00e9s de qualsevol mitj\u00e0 o suport implicar\u00e0 la interposici\u00f3 de les accions legals pertinents.<\/p>\n\n\n\n<p>Els titulars de les dades i imatges que es publiquen a trav\u00e9s d\u2019aquesta p\u00e0gina Web poden posar en coneixement del Club B\u00e0squet Vic qualsevol observaci\u00f3 que els afecti o els pugui perjudicar, enviant un correu electr\u00f2nic a la seg\u00fcent adre\u00e7a: clubbasquetvic@clubbasquetvic.cat.<\/p>\n\n\n\n<p><strong>Enlla\u00e7os<\/strong><\/p>\n\n\n\n<p>El Portal posa a la disposici\u00f3 dels usuaris dispositius t\u00e8cnics d\u2019enlla\u00e7os que els permeten accedir a llocs i p\u00e0gines web pertanyents i\/o gestionats per terceres. La instal\u00b7laci\u00f3 d\u2019aquests enlla\u00e7os al Portal t\u00e9 per \u00fanic objectiu facilitar als usuaris la recerca de continguts i serveis disponibles a Internet, aix\u00ed com l\u2019acc\u00e9s a la informaci\u00f3.<\/p>\n\n\n\n<p>El fet d\u2019incloure enlla\u00e7os no implica l\u2019exist\u00e8ncia de cap relaci\u00f3 entre el Club B\u00e0squet Vic i el propietari de la p\u00e0gina web enlla\u00e7ada, com tampoc l\u2019acceptaci\u00f3 i aprovaci\u00f3 per part del Club B\u00e0squet Vic dels seus continguts i\/o serveis, essent el seu propietari l\u2019\u00fanic responsable dels mateixos.<\/p>\n\n\n\n<p>El Club B\u00e0squet Vic no t\u00e9 cap control sobre les p\u00e0gines enlla\u00e7ades a trav\u00e9s dels vincles que s\u2019incorporen al Portal i no assumeix cap responsabilitat pel contingut, ni pels serveis als quals el visitant pugui accedir en aquestes p\u00e0gines, ni per qualsevol contingut, productes, serveis, publicitat, ni qualsevol altre material disponible en els mateixos.<\/p>\n\n\n\n<p>Per aquest motiu, es recomana a l\u2019usuari d\u2019extremar la prud\u00e8ncia quan s\u2019accedeixi als portals enlla\u00e7ats i preguem que, en cas que visualitzi qualsevol contingut que consideri il\u00b7l\u00edcit, perjudicial o ofensiu, ens ho comuniqui immediatament enviant un correu electr\u00f2nic a l\u2019adre\u00e7a: clubbasquetvic@clubbasquetvic.cat amb la finalitat de que ho puguem solucionar.<\/p>\n\n\n\n<p><strong>Pol\u00edtica de Privacitat del portal<\/strong><\/p>\n\n\n\n<p>Excepte en relaci\u00f3 a la utilitzaci\u00f3 de cookies que pot consultar a la pestanya corresponent, el Club B\u00e0squet Vic tan sols disposa de la informaci\u00f3 que l\u2019usuari facilita volunt\u00e0riament a trav\u00e9s de la complementaci\u00f3 dels formularis que es posen a disposici\u00f3 de tots els visitants o dels correus electr\u00f2nics que es poden dirigir al Club B\u00e0squet Vic.<\/p>\n\n\n\n<p>Aquestes dades s\u00f3n tractades amb la m\u00e0xima confidencialitat i utilitzades per gestionar la seva sol\u00b7licitud, per a l\u2019enviament d\u2019informaci\u00f3 relacionada amb el b\u00e0squet. El Club B\u00e0squet Vic guardar\u00e0 les dades de car\u00e0cter personal que li siguin volunt\u00e0riament facilitades en un fitxer de la seva titularitat que ha estat inscrit al Registre de l\u2019Autoritat Catalana de Protecci\u00f3 de Dades, i adoptar\u00e0 les mesures t\u00e8cniques necess\u00e0ries d\u2019acord amb la normativa vigent, per tal d\u2019evitar la seva alteraci\u00f3, p\u00e8rdua, tractament o acc\u00e9s no autoritzat.<\/p>\n\n\n\n<p>El Club B\u00e0squet Vic podr\u00e0 enviar, mitjan\u00e7ant correu electr\u00f2nic, la resposta al formulari de contacte que han omplert.<\/p>\n\n\n\n<p>Es posa en coneixement de les persones interessades que poden exercir els drets d\u2019acc\u00e9s, rectificaci\u00f3, supressi\u00f3 i limitaci\u00f3 o oposici\u00f3 del tractament de les seves dades personals, mitjan\u00e7ant petici\u00f3 escrita dirigida al responsable de seguretat de l\u2019entitat, acompanyada de la c\u00f2pia d\u2019un document oficial d\u2019identificaci\u00f3 (DNI, NIE o passaport) dirigit a la direcci\u00f3 seg\u00fcent: Pla\u00e7a del Pare Millan, s\/n. 08500 Vic (Barcelona) o b\u00e9 al seg\u00fcent correu electr\u00f2nic clubbasquetvic@clubbasquetvic.cat.<\/p>\n\n\n\n<p><strong>Seguretat<\/strong><\/p>\n\n\n\n<p>El Club B\u00e0squet Vic ha adoptat les mesures f\u00edsiques, t\u00e8cniques i de gesti\u00f3 necess\u00e0ries per mantenir el nivell de seguretat necessari, d\u2019acord a la naturalesa de les dades personals tractades i les circumst\u00e0ncies del tractament, amb l\u2019objecte d\u2019evitar, en la mesura del possible, i sempre de conformitat amb l\u2019estat de la t\u00e8cnica, la seva alteraci\u00f3, p\u00e8rdua, tractament o acc\u00e9s no autoritzat.<\/p>\n\n\n\n<p>No obstant, el Club B\u00e0squet Vic no pot garantir que el portal o el servidor on s\u2019allotja estiguin lliures de virus i tampoc es fa responsable dels danys que es puguin derivar de l\u2019acc\u00e9s al portal.<\/p>\n\n\n\n<p><strong>Legislaci\u00f3 aplicable<\/strong><\/p>\n\n\n\n<p>Les condicions generals exposades en aquest document es regeixen per la legislaci\u00f3 i jurisdicci\u00f3 espanyoles.<\/p>\n\n\n\n<p>Vic, 18 d&#8217;agost de 2020.<\/p>\n","protected":false},"excerpt":{"rendered":"<p>Av\u00eds legal Condicions d\u2019acc\u00e9s i utilitzaci\u00f3 de la p\u00e0gina web. www.clubbasquetvic.cat \u00e9s un domini d\u2019Internet titularitat del Club B\u00e0squet Vic, amb CIF G58342668, i amb domicili a Vic, Pla\u00e7a del Pare Millan, s\/n, 08500 Vic (Barcelona). Mitjan\u00e7ant el present avis legal, s\u2019informa als usuaris de les condicions generals aplicables a la utilitzaci\u00f3 o consulta dels &hellip; <\/p>\n<p class=\"link-more\"><a href=\"https:\/\/clubbasquetvic.cat\/index.php\/acerca-de\/\" class=\"more-link\">Continuar leyendo<span class=\"screen-reader-text\"> \u00abAv\u00eds legal\u00bb<\/span><\/a><\/p>\n","protected":false},"author":1,"featured_media":0,"parent":0,"menu_order":0,"comment_status":"closed","ping_status":"closed","template":"","meta":{"footnotes":""},"class_list":["post-21","page","type-page","status-publish","hentry"],"_links":{"self":[{"href":"https:\/\/clubbasquetvic.cat\/index.php\/wp-json\/wp\/v2\/pages\/21"}],"collection":[{"href":"https:\/\/clubbasquetvic.cat\/index.php\/wp-json\/wp\/v2\/pages"}],"about":[{"href":"https:\/\/clubbasquetvic.cat\/index.php\/wp-json\/wp\/v2\/types\/page"}],"author":[{"embeddable":true,"href":"https:\/\/clubbasquetvic.cat\/index.php\/wp-json\/wp\/v2\/users\/1"}],"replies":[{"embeddable":true,"href":"https:\/\/clubbasquetvic.cat\/index.php\/wp-json\/wp\/v2\/comments?post=21"}],"version-history":[{"count":4,"href":"https:\/\/clubbasquetvic.cat\/index.php\/wp-json\/wp\/v2\/pages\/21\/revisions"}],"predecessor-version":[{"id":99,"href":"https:\/\/clubbasquetvic.cat\/index.php\/wp-json\/wp\/v2\/pages\/21\/revisions\/99"}],"wp:attachment":[{"href":"https:\/\/clubbasquetvic.cat\/index.php\/wp-json\/wp\/v2\/media?parent=21"}],"curies":[{"name":"wp","href":"https:\/\/api.w.org\/{rel}","templated":true}]}}